-1100421
In base 3, what is 0 + -2112121210021?
-2112121210021
In base 5, what is 24101 + 300134?
324240
In base 7, what is 54345131 + 2?
54345133
In base 16, what is -1a3 - -133e0?
1323d
In base 13, what is 29 - 14869a3?
-1486977
In base 16, what is 2cf60f3 - -3?
2cf60f6
In base 11, what is -42a148 - -18?
-42a130
In base 9, what is 111 - 2086118?
-2086007
In base 16, what is 10096146 + 2?
10096148
In base 3, what is -112 - -20122022212011?
20122022211122
In base 10, what is -1 - 7288717?
-7288718
In base 15, what is 262 - -10029?
1028b
In base 2, what is 101010101010011010111001 - 0?
101010101010011010111001
In base 7, what is 166214 - -5542?
205056
In base 5, what is 141140004 - 1301?
141133203
In base 6, what is 10 - 31131541?
-31131531
In base 9, what is 0 + 5320181?
5320181
In base 5, what is -4033114224 - -1?
-4033114223
In base 2, what is -111100111111011110111101 - 110?
-111100111111011111000011
In base 4, what is 10113013231022 + 32?
10113013231120
In base 2, what is 10011110001 - -11101110010101101100?
11101110101001011101
In base 3, what is 1001222 + 1120111102?
1121120101
In base 4, what is -1 + -2122312211?
-2122312212
In base 5, what is 212032032400 - 0?
212032032400
In base 13, what is -3 + -37659b6b?
-37659b71
In base 8, what is -10 - 60135475?
-60135505
In base 9, what is -101645 - -4233?
-86412
In base 8, what is 13372 + 112520?
126112
In base 11, what is -198049 + -4a?
-198098
In base 14, what is 27 - -14b227?
14b250
In base 13, what is -3 - -2648c7c?
2648c79
In base 14, what is 3c04 + 96d?
4773
In base 11, what is -85080 - 703?
-85783
In base 10, what is 9943 + -975?
8968
In base 9, what is -6470650 - 82?
-6470742
In base 4, what is 301333100312 - 3?
301333100303
In base 14, what is 258a5 - 94?
25811
In base 6, what is 31513522 + -110?
31513412
In base 12, what is 88595 - -a2?
88677
In base 16, what is 78d003b - 4?
78d0037
In base 7, what is 13504536256 + -1?
13504536255
In base 4, what is -10023323013 + 21?
-10023322332
In base 6, what is 2545044100 - 4?
2545044052
In base 15, what is 3198a - 85?
31905
In base 13, what is 266c5c4 + 8?
266c5cc
In base 7, what is -420063 + -221?
-420314
In base 2, what is 10011100100110110000010 - -10000?
10011100100110110010010
In base 14, what is -1027acd0 + -6?
-1027acd6
In base 9, what is 1 - 48862225?
-48862224
In base 11, what is -54a5 + -4328?
-9822
In base 11, what is 12a654a8 + 3?
12a65500
In base 9, what is -18051 - 244?
-18305
In base 13, what is -23369b + -227?
-2338c5
In base 9, what is 180331 - -5051?
185382
In base 14, what is 2bd + -2cb88?
-2c8a9
In base 8, what is 4 + -6614160?
-6614154
In base 9, what is 856325 - 3?
856322
In base 14, what is d7 + -ba414?
-ba31b
In base 14, what is d833956 - -13?
d833969
In base 13, what is 19c56 + 176?
1a0cc
In base 2, what is 1001010001100110101 + -101110110?
1001010000110111111
In base 9, what is 3882 - -45881?
50873
In base 12, what is 14 - 12a466b?
-12a4657
In base 6, what is -1044102352 + 5?
-1044102343
In base 12, what is 960 + 2b9b2b?
2ba88b
In base 16, what is 17e + -5365?
-51e7
In base 7, what is -156254622 - 6?
-156254631
In base 6, what is 3341530132 - -1?
3341530133
In base 9, what is -10 - -1631444?
1631434
In base 15, what is 6 - 1061944?
-106193d
In base 7, what is -112 - 230261145?
-230261260
In base 7, what is -14 - -162310204?
162310160
In base 7, what is 2 - -1454512620?
1454512622
In base 14, what is b32 + -34c?
7c4
In base 11, what is 786a74925 - 1?
786a74924
In base 15, what is 2b38c - 2?
2b38a
In base 6, what is -53 - -1240553111?
1240553014
In base 10, what is -5 + 1260192?
1260187
In base 7, what is -5 - 101446631?
-101446636
In base 13, what is -108 - -8c42c4?
8c41b9
In base 10, what is -9 + 19506243?
19506234
In base 16, what is -26 - -2d0406?
2d03e0
In base 13, what is -ab288 - -7a?
-ab20b
In base 2, what is 10100000011010101 + -10?
10100000011010011
In base 15, what is -a - 4e6279?
-4e6284
In base 3, what is 100 - 1222222011211?
-1222222011111
In base 5, what is 0 + -23431141230?
-23431141230
In base 6, what is -44 - 421523?
-422011
In base 10, what is -108850 + 727?
-108123
In base 3, what is -122201 + -12001111122?
-12002011100
In base 8, what is 12504 - -177?
12703
In base 8, what is 106021 - 5473?
100326
In base 5, what is 140002131 - -132?
140002313
In base 6, what is 34235051 - 13?
34235034
In base 6, what is 4151 - 10154220?
-10150025
In base 14, what is -5930bb5 + 2?
-5930bb3
In base 6, what is -1535224 + 110?
-1535114
In base 9, what is -43676 + 23652?
-20024
In base 4, what is -13 - -102331030203?
102331030130
In base 15, what is -2 - -2d23404?
2d23402
In base 8, what is -3514 - 1573205?
-1576721
In base 9, what is -3 + -11565601?
-11565604
In base 12, what is -281194b + 3a?
-2811911
In base 15, what is 179eb523 - 4?
179eb51e
In base 4, what is -1100331123 - 300313?
-1101232102
In base 12, what is 4391 - -67b?
4a50
In base 3, what is -11 + 1201002012222221?
1201002012222210
In base 13, what is 1cc + -20ac9?
-208ca
In base 3, what is 1111112100001 + 121?
1111112100122
In base 12, what is 4a92874 + 1?
4a92875
In base 3, what is -101121001221 - 10010?
-101121012001
In base 8, what is 116456 - 1362?
115074
In base 10, what is 329 - -64713?
65042
In base 3, what is -2001000 - -2010210112?
2001202112
In base 5, what is -444222222 + 2220?
-444220002
In base 15, what is 3 - 23e0c42?
-23e0c3e
In base 12, what is -3789 - -34a?
-343b
In base 7, what is -5 + -1413142?
-1413150
In base 14, what is 3987 + -683a?
-2c93
In base 12, what is 73ba242 - -1?
73ba243
In base 4, what is 101301321 + 32222?
102000203
In base 15, what is -6 + 230d0e1?
230d0da
In base 3, what is -200001 + -11010101110?
-11011001111
In base 16, what is -94489 + -3?
-9448c
In base 5, what is -10242434 + -13344?
-10311333
In base 12, what is -15329 - -2458?
-12a91
In base 9, what is -2 + -318544524?
-318544526
In base 15, what is 5e7b67 + 2?
5e7b69
In base 6, what is 23 + -5011324?
-5011301
In base 3, what is 1212101211020200 - 10?
1212101211020120
In base 4, what is 1 - -33032112220?
33032112221
In base 5, what is 3 - 30331232144?
-30331232141
In base 6, what is 52531 - 1050?
51441
In base 13, what is 180b1377 - -2?
180b1379
In base 10, what is 18 + -18530622?
-18530604
In base 4, what is 222132333222 - -1?
222132333223
In base 12, what is -13 - -21438764?
21438751
In base 6, what is 4500114 + -13?
4500101
In base 10, what is 573 - -155702?
156275
In base 12, what is 5383a1 + 177?
538558
In base 12, what is 32 + -22684?
-22652
In base 9, what is -13754 - 28?
-13783
In base 5, what is -2 + -4034344?
-4034401
In base 6, what is 522 + 2002105?
2003031
In base 6, what is 2 + 554520301?
554520303
In base 3, what is 100200211101 - -11112?
100200222220
In base 4, what is -100223201130 - -11?
-100223201113
In base 9, what is 1270776646 + 0?
1270776646
In base 7, what is -3522 + -2545364?
-2552216
In base 14, what is -249cc7c - -7?
-249cc75
In base 2, what is 11110 - -1110101010011000000010?
1110101010011000100000
In base 6, what is -4 - -3005412053?
3005412045
In base 16, what is 1070d + 576?
10c83
In base 5, what is -3043 + 11303113?
11300020
In base 6, what is -2 - -2223200241?
2223200235
In base 2, what is 1011110 - 110100001010111?
-110011111111001
In base 4, what is -100111 + -130232211?
-130332322
In base 10, what is 16961715 - 3?
16961712
In base 13, what is -4 + -4082707?
-408270b
In base 6, what is -2421115334 - -30?
-2421115304
In base 11, what is -120673 + -77?
-12073a
In base 9, what is -5425 - 1554?
-7080
In base 3, what is -102221 - 10001010?
-10111001
In base 12, what is -33 - 28505b?
-285092
In base 15, what is -4 - 25465a?
-25465e
In base 2, what is -110000110101010 - 10101001000?
-110011011110010
In base 12, what is 77 + 2657b2?
265869
In base 6, what is 4 + -51435003454?
-51435003450
In base 15, what is -4 + 4927991?
492798c
In base 11, what is -90698a12 + 5?
-90698a08
In base 8, what is 5 + 62172125?
62172132
In base 6, what is -2401 + 23244?
20443
In base 8, what is 10 + -14172607?
-14172577
In base 16, what is -11 - 9454f2?
-945503
In base 10, what is 1434 - -45629?
47063
In base 14, what is -35ca6 - 32a?
-361d2
In base 13, what is -2a6527c + -30?
-2a652ac
In base 4, what is 10230 + 1330220?
2001110
In base 16, what is 2 - 26a1